{"id":5001,"date":"2021-02-10T09:07:08","date_gmt":"2021-02-10T09:07:08","guid":{"rendered":"http:\/\/www.fernandomorenoguitarras.com\/nuevo\/?page_id=5001"},"modified":"2021-02-10T09:07:10","modified_gmt":"2021-02-10T09:07:10","slug":"politica-de-privacidad-y-aviso-legal","status":"publish","type":"page","link":"https:\/\/www.fernandomorenoguitarras.com\/nuevo\/politica-de-privacidad-y-aviso-legal\/","title":{"rendered":"Pol\u00edtica de privacidad y aviso legal"},"content":{"rendered":"<p>[et_pb_section fb_built=\u00bb1&#8243; _builder_version=\u00bb4.7.4&#8243; _module_preset=\u00bbdefault\u00bb background_color=\u00bbrgba(224,153,0,0.69)\u00bb][et_pb_row _builder_version=\u00bb4.7.4&#8243; _module_preset=\u00bbdefault\u00bb][et_pb_column type=\u00bb4_4&#8243; _builder_version=\u00bb4.7.4&#8243; _module_preset=\u00bbdefault\u00bb][et_pb_text _builder_version=\u00bb4.7.4&#8243; _module_preset=\u00bbdefault\u00bb text_text_color=\u00bb#232323&#8243; text_font_size=\u00bb19px\u00bb text_orientation=\u00bbcenter\u00bb]<\/p>\n<p><strong>POL\u00cdTICA DE TRATAMIENTO DE DATOS PERSONALES Y PRIVACIDAD\u2013 AVISO LEGAL <\/strong><\/p>\n<p>[\/et_pb_text][\/et_pb_column][\/et_pb_row][\/et_pb_section][et_pb_section fb_built=\u00bb1&#8243; _builder_version=\u00bb4.7.4&#8243; _module_preset=\u00bbdefault\u00bb][et_pb_row _builder_version=\u00bb4.7.4&#8243; _module_preset=\u00bbdefault\u00bb][et_pb_column type=\u00bb4_4&#8243; _builder_version=\u00bb4.7.4&#8243; _module_preset=\u00bbdefault\u00bb][et_pb_text _builder_version=\u00bb4.7.4&#8243; _module_preset=\u00bbdefault\u00bb text_text_color=\u00bb#494949&#8243;]<\/p>\n<p>Responsable: Identidad: Fernando Moreno Valero &#8211; NIF: 48807602S -Dir. Postal: C\/Escultor Duque Cornejo S\/N 41500 Alcala de Guadaira -Sevilla, ESPA\u00d1A -Tel\u00e9fono: 667382126 -Correo electr\u00f3nico: info@fernandomorenoguitarras.com<\/p>\n<p>La confidencialidad y la seguridad son valores primordiales de FernandoMorenoGuitarras y, en consecuencia, asumimos el compromiso de garantizar la privacidad del Usuario en todo momento y de no recabar informaci\u00f3n innecesaria. A continuaci\u00f3n, le proporcionamos toda la informaci\u00f3n necesaria sobre nuestra Pol\u00edtica de Privacidad en relaci\u00f3n con los datos personales que recabamos, explic\u00e1ndole:<br \/>\u2022 Qui\u00e9n es el responsable del tratamiento de sus datos.<br \/>\u2022 Para qu\u00e9 finalidades recabamos los datos que le solicitamos.<br \/>\u2022 Cu\u00e1l es la base jur\u00eddica _ legitimaci\u00f3n_ para su tratamiento: Consentimiento<br \/>\u2022 Plazo de Conservaci\u00f3n de sus datos personales<br \/>\u2022 En caso de Cesi\u00f3n: A qu\u00e9 destinatarios se comunican sus datos.<br \/>\u2022 Cu\u00e1les son sus derechos.<\/p>\n<ol>\n<li>Derecho de informaci\u00f3n.<\/li>\n<\/ol>\n<p>La presente pol\u00edtica de protecci\u00f3n de datos regula el acceso y el uso del servicio del sitio Web www.huebrasoft.es que FERNANDO MORENO VALERO, como titular, pone a disposici\u00f3n de los usuarios de Internet interesados en sus servicios y contenidos.<\/p>\n<p>De conformidad con lo establecido por la REGLAMENTO (UE) 2016\/679 DEL PARLAMENTO EUROPEO Y DEL CONSEJO de 27 de abril de 2016 relativo a la protecci\u00f3n de las personas f\u00edsicas en lo que respecta al tratamiento de datos personales y a la libre circulaci\u00f3n de estos datos, resto de normativa actualmente vigente, FERNANDO MORENO VALERO, titular del sitio Web, informa al usuario de este sitio de la existencia de una base de datos de car\u00e1cter personal creada por FERNANDO MORENO VALERO bajo su responsabilidad.<\/p>\n<p>Esta p\u00e1gina Web se rige por la normativa exclusivamente aplicable en Espa\u00f1a, quedando sometida a ella, tanto nacionales como extranjeros que utilicen esta Web, y en adelante a la Ley 34\/2002, de 11 de Julio, de Servicios de la Sociedad de la Informaci\u00f3n y de Comercio Electr\u00f3nico y al REGLAMENTO (UE) 2016\/679 DEL PARLAMENTO EUROPEO Y DEL CONSEJO de 27 de abril de 2016 relativo a la protecci\u00f3n de las personas f\u00edsicas en lo que respecta al tratamiento de datos personales y a la libre circulaci\u00f3n de estos datos, resto de normativa actualmente vigente.<\/p>\n<p>El acceso a nuestra p\u00e1gina Web por parte del USUARIO es gratuito y est\u00e1 condicionado a la previa lectura y aceptaci\u00f3n \u00cdntegra, expresa y sin reservas de las presentes CONDICIONES GENERALES DE USO vigentes en el momento del acceso, que rogamos lea detenidamente.<\/p>\n<p>Los usuarios garantizan y responden, en cualquier caso, de la veracidad, exactitud, autenticidad y vigencia de los datos personales facilitados.<\/p>\n<p>El suministro de datos personales a trav\u00e9s de nuestro portal, por parte del usuario, requiere una edad m\u00ednima de 14 a\u00f1os, o en su caso, disponer de capacidad jur\u00eddica suficiente para contratar, en virtud de la legislaci\u00f3n en materia de Protecci\u00f3n de Datos Personales Vigente.<\/p>\n<p>En cualquier momento podremos modificar la presentaci\u00f3n y configuraci\u00f3n de nuestra Web, ampliar o reducir servicios, e incluso suprimirla de la Red, as\u00ed como los servicios y contenidos prestados, todo ello de forma unilateral y sin previo aviso.<\/p>\n<p>Obligaci\u00f3n de facilitarnos sus datos personales y consecuencias de no hacerlo.<\/p>\n<p>Los datos personales solicitados son necesarios para gestionar sus solicitudes y\/o prestarle los servicios asociados a la actividad comercial y administrativa de FERNANDO MORENO VALERO, por lo que, si no nos los facilita, no podremos atenderle correctamente ni prestarle el servicio que ha solicitado.<\/p>\n<ol start=\"2\">\n<li>Responsable del Tratamiento de Protecci\u00f3n de Datos Personales<\/li>\n<\/ol>\n<p>En cumplimiento del art\u00edculo 10 de la Ley 34\/2002, del 11 de julio, de servicios de la Sociedad de la Informaci\u00f3n y Comercio Electr\u00f3nico (LSSICE) y del art\u00edculo 13 del RGPD 2016\/679 DEL PARLAMENTO EUROPEO Y DEL CONSEJO de 27 de abril de 2016 relativo a la protecci\u00f3n de las personas f\u00edsicas en lo que respecta al tratamiento de datos personales y a la libre circulaci\u00f3n de estos datos, se exponen a continuaci\u00f3n los datos identificativos de la entidad:<\/p>\n<p>Esta p\u00e1gina Web es propiedad FERNANDO MORENO VALERO, Responsable del Tratamiento de sus datos personales<\/p>\n<p>Responsable: Identidad: FERNANDO MORENO VALERO- NIF: 48807602S -Dir. Postal: C\/Escultor Duque Cornejo S\/N 41500 Alcala de Guadaira -Sevilla, ESPA\u00d1A -Tel\u00e9fono: 667382126 -Correo electr\u00f3nico: hectormayordomo@hectormayordomo.com<\/p>\n<p>Inscrita en el Registro Mercantil de SALAMANCA, Tomo \u2026\u2026\u2026\u2026\u2026., Folio \u2026\u2026\u2026\u2026\u2026. Secci\u00f3n \u2026\u2026.., Hoja \u2026\u2026\u2026 e Inscripci\u00f3n \u2026\u2026\u2026\u2026\u2026.<\/p>\n<ol start=\"3\">\n<li>Finalidad<\/li>\n<\/ol>\n<p>Los datos de los usuarios registrados a trav\u00e9s del formulario de contacto habilitado al efecto en el sitio Web, son recabados por FERNANDO MORENO VALEROcon la finalidad de facilitar la prestaci\u00f3n de los servicios que FERNANDO_MORENO_GUITARRAS_ y FERNANDO MORENO VALERO<\/p>\n<p>proporciona a trav\u00e9s de dicho sitio Web.<\/p>\n<p>FORMULARIO DE CONTACTO.<\/p>\n<p><strong>Finalidad:\u00a0<\/strong>Facilitarle un medio para que pueda ponerse en contacto con nosotros y contestar a sus solicitudes de informaci\u00f3n, as\u00ed como enviarle comunicaciones de nuestros servicios, inclusive por medios electr\u00f3nicos (Correo electr\u00f3nico, SMS, WhatsApp), si indica los datos en las casillas correspondientes y marca la casilla de aceptaci\u00f3n.<\/p>\n<p><strong>Base Jur\u00eddica:<\/strong>\u00a0El consentimiento del usuario al solicitarnos informaci\u00f3n a trav\u00e9s de nuestro formulario de contacto y al marcar la casilla de aceptaci\u00f3n de env\u00edo de informaci\u00f3n.<\/p>\n<p><strong>Conservaci\u00f3n:<\/strong>\u00a0Una vez resuelta su solicitud por medio de nuestro formulario o contestada por correo electr\u00f3nico, si no ha generado un nuevo tratamiento, y en caso de haber aceptado recibir env\u00edos comerciales, hasta que solicite la baja de los mismos.<br \/><em>_(En caso de clientes con relaci\u00f3n comercial vigente, el plazo de conservaci\u00f3n de sus datos ser\u00e1 la legitimada por la propia relaci\u00f3n comercial, mediante contrato de servicios, y en tanto dure \u00e9sta)_.<\/em><\/p>\n<p>ENV\u00cdO DE CORREOS ELECTR\u00d3NICOS.<\/p>\n<p><strong>Finalidad:\u00a0<\/strong>Contestar a sus solicitudes de informaci\u00f3n sobre nuestra actividad y servicios, pedidos, contratos de servicios, sugerencias y reclamaciones y responder sus consultas o dudas sobre los mismos.<\/p>\n<p><strong>Base Jur\u00eddica:<\/strong>\u00a0: El consentimiento del usuario al solicitarnos informaci\u00f3n a trav\u00e9s de la direcci\u00f3n de correo electr\u00f3nico.<\/p>\n<p><strong>Conservaci\u00f3n:<\/strong>\u00a0Una vez resuelta contestada su petici\u00f3n por correo electr\u00f3nico, si no ha generado un nuevo tratamiento.<em>\u00a0_(En caso de clientes con relaci\u00f3n comercial vigente, el plazo de conservaci\u00f3n de sus datos ser\u00e1 la legitimada en virtud de la relaci\u00f3n comercial y sus cl\u00e1usulas y en tanto dure \u00e9sta)_.<\/em><\/p>\n<ol start=\"4\">\n<li>Destinatarios de sus datos<\/li>\n<\/ol>\n<p>Sus datos son confidenciales y no se ceder\u00e1n a terceros, salvo que exista obligaci\u00f3n legal.<\/p>\n<ol start=\"5\">\n<li>Derechos en relaci\u00f3n con sus datos personales<\/li>\n<\/ol>\n<p>Cualquier persona puede retirar su consentimiento en cualquier momento, cuando el mismo se haya otorgado para el tratamiento de sus datos. En ning\u00fan caso, la retirada de este consentimiento condiciona la ejecuci\u00f3n del contrato de servicios o las relaciones generadas con anterioridad.<\/p>\n<p>Igualmente, puede ejercer los siguientes derechos:<br \/>\u2022 Solicitar el acceso a sus datos personales o su rectificaci\u00f3n cuando sean inexactos.<br \/>\u2022 Solicitar su supresi\u00f3n cuando, entre otros motivos, los datos ya no sean necesarios para los fines para los que fueron recogidos.<br \/>\u2022 Solicitar la limitaci\u00f3n de su tratamiento en determinadas circunstancias.<br \/>\u2022 Solicitar la oposici\u00f3n al tratamiento de sus datos por motivos relacionados con su situaci\u00f3n particular.<br \/>\u2022 Solicitar la portabilidad de los datos en los casos previstos en la normativa.<br \/>\u2022 Otros derechos reconocidos en las normativas aplicables.<\/p>\n<p>D\u00f3nde y c\u00f3mo solicitar sus Derechos: Mediante un escrito dirigido al responsable a su direcci\u00f3n postal o electr\u00f3nica (indicadas en el apartado 2. Responsable del Tratamiento de Protecci\u00f3n de Datos Personales), indicando la referencia \u201cDatos Personales\u201d, especificando el derecho que se quiere ejercer y respecto a qu\u00e9 datos personales.<\/p>\n<p>En caso de divergencias con la empresa en relaci\u00f3n con el tratamiento de sus datos, puede presentar una reclamaci\u00f3n ante la Autoridad de Protecci\u00f3n de Datos (<a href=\"https:\/\/huebrasoft.es\/www.agpd.es\">www.agpd.es<\/a>).<\/p>\n<ol start=\"8\">\n<li>Legislaci\u00f3n aplicable, soluci\u00f3n de cuestiones controvertidas y foro competente<\/li>\n<\/ol>\n<p>El uso de la Web se regir\u00e1 por la legislaci\u00f3n espa\u00f1ola. Cualquier controversia que surja o guarde relaci\u00f3n con el uso de la Web, ser\u00e1 sometido a la jurisdicci\u00f3n no exclusiva de los Juzgados y Tribunales del municipio donde radica el domicilio social del Titular, salvo que la normativa en vigor o el c\u00f3digo de conducta establezca foro distinto.<\/p>\n<ol start=\"6\">\n<li>Seguridad de sus datos personales<\/li>\n<\/ol>\n<p>Esta web no recoge cookies propias ni de terceros.<\/p>\n<ol start=\"7\">\n<li>Actualizaci\u00f3n de sus datos<\/li>\n<\/ol>\n<p>Es importante que para que podamos mantener sus datos personales actualizados, nos informe siempre que haya habido alguna modificaci\u00f3n en ellos, en caso contrario, no respondemos de la veracidad de los mismos.<\/p>\n<p>No nos hacemos responsables de la pol\u00edtica de privacidad respecto a los datos personales que pueda facilitar a terceros por medio de los enlaces disponibles en nuestra p\u00e1gina web.<\/p>\n<p>La presente Pol\u00edtica de Privacidad puede ser modificada para adaptarlas a los cambios que se produzca en nuestra web, as\u00ed como modificaciones legislativas o jurisprudenciales sobre datos personales que vayan apareciendo, por lo que exige su lectura, cada vez que nos facilite sus datos a trav\u00e9s de esta Web.<\/p>\n<ol start=\"8\">\n<li>Pol\u00edtica de Cookies<\/li>\n<\/ol>\n<p>HUEBRASOFT NO utiliza cookies t\u00e9cnicas, de personalizaci\u00f3n y de an\u00e1lisis, ni propias ni de terceros.<\/p>\n<ol start=\"9\">\n<li>Modificaci\u00f3n de la presente pol\u00edtica de privacidad<\/li>\n<\/ol>\n<p>H\u00c9CTOR MAYORDOMO VICENTE_ se reserva el derecho de modificar la presente pol\u00edtica para adaptarla a los cambios legislativos o de jurisprudencia que se originen en un futuro.<\/p>\n<p>CONDICIONES DE ACCESO Y USO<\/p>\n<p>El acceso a nuestra p\u00e1gina Web es gratuito y no exige previa suscripci\u00f3n o registro. Sin embargo, determinados servicios como la solicitud de informaci\u00f3n sobre nuestros servicios requieren facilitar datos personales mediante la cumplimentaci\u00f3n del formulario de contacto.<\/p>\n<p>El env\u00edo de datos personales implica la aceptaci\u00f3n expresa por parte del USUARIO de nuestra pol\u00edtica de privacidad (Consentimiento del Usuario)<\/p>\n<p>El usuario debe acceder a nuestra p\u00e1gina Web conforme a la buena fe, las normas de orden p\u00fablico y a las presentes Condiciones Generales de uso. El acceso a nuestro sitio Web se realiza bajo la propia y exclusiva responsabilidad del usuario, que responder\u00e1 en todo caso de los da\u00f1os y perjuicios que pueda causar a terceros o a nosotros mismos.<\/p>\n<p>El USUARIO tiene expresamente prohibido la utilizaci\u00f3n y obtenci\u00f3n de los servicios, productos y contenidos ofrecidos en la presente p\u00e1gina web, por procedimientos distintos a los estipulados en las presentes condiciones de uso, y en su caso en las condiciones particulares que regulen la adquisici\u00f3n de determinados productos.<\/p>\n<p>El USUARIO tiene prohibido cualquier tipo de acci\u00f3n sobre nuestro portal que origine una excesiva sobrecarga de funcionamiento a nuestros sistemas inform\u00e1ticos, as\u00ed como la introducci\u00f3n de virus, o instalaci\u00f3n de robots, o software que altere el normal funcionamiento de nuestra web, o en definitiva pueda causar da\u00f1os a nuestros sistemas inform\u00e1ticos.<\/p>\n<p>Teniendo en cuenta la imposibilidad de control respecto a la informaci\u00f3n, contenidos y servicios que contengan otras p\u00e1ginas web a los que se pueda acceder a trav\u00e9s de los enlaces que nuestra p\u00e1gina web pueda poner a su disposici\u00f3n, le comunicamos que FERNANDO_MORENO_GUITARRAS_, queda eximida de cualquier responsabilidad por los da\u00f1os y perjuicios de toda clase que pudiesen derivar por la utilizaci\u00f3n de esas p\u00e1ginas web, ajenas a nuestra empresa, por parte del usuario.<\/p>\n<p>FERNANDO_MORENO_GUITARRAS_se reserva el derecho unilateral y sin preaviso de dar de baja a cualquier USUARIO que la organizaci\u00f3n entienda que ha vulnerado las condiciones que rigen el uso de nuestra p\u00e1gina web, sin que el USUARIO tenga derecho a reclamaci\u00f3n de ning\u00fan tipo por este tipo de acciones. Asimismo, se reserva el derecho de ejercitar las acciones legales oportunas contra aquellos que vulneren las presentes condiciones generales de uso, aceptando el USUARIO que la no iniciaci\u00f3n de estas acciones no constituye una renuncia formal a los mismas, permaneciendo \u00e9stas vigentes hasta los plazos legales de prescripci\u00f3n de las infracciones.<\/p>\n<p>&nbsp;<\/p>\n<p>FERNANDO_MORENO_GUITARRAS_<\/p>\n<p>&nbsp;<\/p>\n<p>FERNANDO MORENO VALERO<\/p>\n<p>[\/et_pb_text][\/et_pb_column][\/et_pb_row][\/et_pb_section]<\/p>\n","protected":false},"excerpt":{"rendered":"<p>[et_pb_section fb_built=\u00bb1&#8243; _builder_version=\u00bb4.7.4&#8243; _module_preset=\u00bbdefault\u00bb background_color=\u00bbrgba(224,153,0,0.69)\u00bb][et_pb_row _builder_version=\u00bb4.7.4&#8243; _module_preset=\u00bbdefault\u00bb][et_pb_column type=\u00bb4_4&#8243; _builder_version=\u00bb4.7.4&#8243; _module_preset=\u00bbdefault\u00bb][et_pb_text _builder_version=\u00bb4.7.4&#8243; _module_preset=\u00bbdefault\u00bb text_text_color=\u00bb#232323&#8243; text_font_size=\u00bb19px\u00bb text_orientation=\u00bbcenter\u00bb] POL\u00cdTICA DE TRATAMIENTO DE DATOS PERSONALES Y PRIVACIDAD\u2013 AVISO LEGAL [\/et_pb_text][\/et_pb_column][\/et_pb_row][\/et_pb_section][et_pb_section fb_built=\u00bb1&#8243; _builder_version=\u00bb4.7.4&#8243; _module_preset=\u00bbdefault\u00bb][et_pb_row _builder_version=\u00bb4.7.4&#8243; _module_preset=\u00bbdefault\u00bb][et_pb_column type=\u00bb4_4&#8243; _builder_version=\u00bb4.7.4&#8243; _module_preset=\u00bbdefault\u00bb][et_pb_text _builder_version=\u00bb4.7.4&#8243; _module_preset=\u00bbdefault\u00bb text_text_color=\u00bb#494949&#8243;] Responsable: Identidad: Fernando Moreno Valero &#8211; NIF: 48807602S -Dir. Postal: C\/Escultor Duque Cornejo S\/N 41500 Alcala de Guadaira [&hellip;]<\/p>\n","protected":false},"author":1,"featured_media":0,"parent":0,"menu_order":0,"comment_status":"closed","ping_status":"closed","template":"","meta":{"_et_pb_use_builder":"on","_et_pb_old_content":"","_et_gb_content_width":""},"_links":{"self":[{"href":"https:\/\/www.fernandomorenoguitarras.com\/nuevo\/wp-json\/wp\/v2\/pages\/5001"}],"collection":[{"href":"https:\/\/www.fernandomorenoguitarras.com\/nuevo\/wp-json\/wp\/v2\/pages"}],"about":[{"href":"https:\/\/www.fernandomorenoguitarras.com\/nuevo\/wp-json\/wp\/v2\/types\/page"}],"author":[{"embeddable":true,"href":"https:\/\/www.fernandomorenoguitarras.com\/nuevo\/wp-json\/wp\/v2\/users\/1"}],"replies":[{"embeddable":true,"href":"https:\/\/www.fernandomorenoguitarras.com\/nuevo\/wp-json\/wp\/v2\/comments?post=5001"}],"version-history":[{"count":6,"href":"https:\/\/www.fernandomorenoguitarras.com\/nuevo\/wp-json\/wp\/v2\/pages\/5001\/revisions"}],"predecessor-version":[{"id":5077,"href":"https:\/\/www.fernandomorenoguitarras.com\/nuevo\/wp-json\/wp\/v2\/pages\/5001\/revisions\/5077"}],"wp:attachment":[{"href":"https:\/\/www.fernandomorenoguitarras.com\/nuevo\/wp-json\/wp\/v2\/media?parent=5001"}],"curies":[{"name":"wp","href":"https:\/\/api.w.org\/{rel}","templated":true}]}}